{"id":14,"date":"2024-01-31T16:28:08","date_gmt":"2024-01-31T15:28:08","guid":{"rendered":"https:\/\/sleepmed.ch\/?page_id=14"},"modified":"2024-06-07T20:36:26","modified_gmt":"2024-06-07T18:36:26","slug":"schlaftipps","status":"publish","type":"page","link":"https:\/\/sleepmed.ch\/index.php\/schlaftipps\/","title":{"rendered":"Wie finden Sie zum gesunden Schlaf?"},"content":{"rendered":"\n<p>Ein gesunder Schlaf dauert  je nach Alter und Veranlagung etwa sechs bis zehn Stunden. Pro Nacht durchschl\u00e4ft man etwa f\u00fcnf tiefe Phasen, die unterbrochen werden durch flache Perioden mit Tr\u00e4umen und schnellen Augenbewegungen (REM-Phase, Rapid Eye Movement). Das Bewusstsein ist abgeschaltet, bleibt jedoch f\u00fcr Reize von aussen und aus dem K\u00f6rper empf\u00e4nglich, die den Schl\u00e4fer aufwecken k\u00f6nnen.<\/p>\n\n\n\n<p>Oft sind nicht Krankheiten die Hauptursache f\u00fcr Probleme mit dem Schlaf, sondern \u00fcber Jahre erworbene falsche Schlafgewohnheiten und eine unvorteilhafte Lebensgestaltung. In vielen F\u00e4llen entstehen ung\u00fcnstige Schlafgewohnheiten durch falsche Vorstellungen \u00fcber den normalem Schlaf und durch unrealistische Erwartungen zu Schlafdauer und Schlafqualit\u00e4t.<\/p>\n\n\n\n<p>Nicht selten kann Aufkl\u00e4rung Beschwerden und ihre Folgen lindern oder beseitigen. Wer normale Ph\u00e4nomene und Variationen des Schlafes kennt und \u00fcber den richtigen Umgang mit Schlafst\u00f6rungen und harmlosen Ver\u00e4nderungen des Schlafes Bescheid weiss, kann besser damit umgehen. <\/p>\n\n\n\n<p>Versuchen Sie\u2019s mit unseren <a href=\"https:\/\/sleepmed.ch\/index.php\/regeln-fuer-guten-schlaf\/\" data-type=\"page\" data-id=\"88\">Schlaftipps<\/a>.<\/p>\n","protected":false},"excerpt":{"rendered":"<p>Ein gesunder Schlaf dauert je nach Alter und Veranlagung etwa sechs bis zehn Stunden. Pro Nacht durchschl\u00e4ft man etwa f\u00fcnf tiefe Phasen, die unterbrochen werden durch flache Perioden mit Tr\u00e4umen und schnellen Augenbewegungen (REM-Phase, Rapid Eye Movement). Das Bewusstsein ist abgeschaltet, bleibt jedoch f\u00fcr Reize von aussen und aus dem K\u00f6rper empf\u00e4nglich, die den Schl\u00e4fer [&hellip;]<\/p>\n","protected":false},"author":1,"featured_media":0,"parent":0,"menu_order":0,"comment_status":"closed","ping_status":"closed","template":"","meta":{"footnotes":""},"class_list":["post-14","page","type-page","status-publish","hentry"],"_links":{"self":[{"href":"https:\/\/sleepmed.ch\/index.php\/wp-json\/wp\/v2\/pages\/14","targetHints":{"allow":["GET"]}}],"collection":[{"href":"https:\/\/sleepmed.ch\/index.php\/wp-json\/wp\/v2\/pages"}],"about":[{"href":"https:\/\/sleepmed.ch\/index.php\/wp-json\/wp\/v2\/types\/page"}],"author":[{"embeddable":true,"href":"https:\/\/sleepmed.ch\/index.php\/wp-json\/wp\/v2\/users\/1"}],"replies":[{"embeddable":true,"href":"https:\/\/sleepmed.ch\/index.php\/wp-json\/wp\/v2\/comments?post=14"}],"version-history":[{"count":4,"href":"https:\/\/sleepmed.ch\/index.php\/wp-json\/wp\/v2\/pages\/14\/revisions"}],"predecessor-version":[{"id":200,"href":"https:\/\/sleepmed.ch\/index.php\/wp-json\/wp\/v2\/pages\/14\/revisions\/200"}],"wp:attachment":[{"href":"https:\/\/sleepmed.ch\/index.php\/wp-json\/wp\/v2\/media?parent=14"}],"curies":[{"name":"wp","href":"https:\/\/api.w.org\/{rel}","templated":true}]}}