{"id":18,"date":"2024-01-31T16:28:25","date_gmt":"2024-01-31T15:28:25","guid":{"rendered":"https:\/\/sleepmed.ch\/?page_id=18"},"modified":"2025-10-22T20:43:32","modified_gmt":"2025-10-22T18:43:32","slug":"downloads","status":"publish","type":"page","link":"https:\/\/sleepmed.ch\/index.php\/downloads\/","title":{"rendered":"Downloads"},"content":{"rendered":"\n<p><mark style=\"background-color:rgba(0, 0, 0, 0)\" class=\"has-inline-color has-vivid-cyan-blue-color\"><strong>Zuweisende \u00c4rzte<\/strong><\/mark> erhalten <a href=\"https:\/\/sleepmed.ch\/wp-content\/uploads\/2024\/07\/Anmeldeformular-Schlafmedizin.pdf\" data-type=\"attachment\" data-id=\"298\" target=\"_blank\" rel=\"noreferrer noopener\">hier<\/a> das Anmeldeformular (PDF) f\u00fcr ihre Patienten. Sie k\u00f6nnen das Formular am Bildschirm ausf\u00fcllen, f\u00fcr Ihre Akten speichern und und per E-Mail, Briefpost oder Fax <a href=\"https:\/\/sleepmed.ch\/index.php\/kontakt\/\" data-type=\"link\" data-id=\"https:\/\/sleepmed.ch\/index.php\/kontakt\/\">senden.<\/a><\/p>\n\n\n\n<p><mark style=\"background-color:rgba(0, 0, 0, 0)\" class=\"has-inline-color has-vivid-cyan-blue-color\"><strong>Private,<\/strong><\/mark> die nicht von einem Arzt \u00fcberwiesen werden, bitten wir, sich telefonisch an uns zu wenden: 043 499 52 11. <\/p>\n\n\n\n<figure class=\"wp-block-image size-full\"><img loading=\"lazy\" decoding=\"async\" width=\"413\" height=\"422\" src=\"https:\/\/sleepmed.ch\/wp-content\/uploads\/2025\/03\/Sleepmed-Diagnosehilfe.png\" alt=\"\" class=\"wp-image-357\" srcset=\"https:\/\/sleepmed.ch\/wp-content\/uploads\/2025\/03\/Sleepmed-Diagnosehilfe.png 413w, https:\/\/sleepmed.ch\/wp-content\/uploads\/2025\/03\/Sleepmed-Diagnosehilfe-294x300.png 294w\" sizes=\"auto, (max-width: 413px) 100vw, 413px\" \/><\/figure>\n\n\n\n<p>Unsere praktische <mark style=\"background-color:rgba(0, 0, 0, 0)\" class=\"has-inline-color has-vivid-cyan-blue-color\"><strong>Diagnosehilfe f\u00fcr \u00c4rzte<\/strong><\/mark> \u00abRisiko-Score obstruktive Schlafapnoe OSA und Epworth-Schl\u00e4frigkeits-Skala ESS\u00bb erhalten Sie hier als <a href=\"https:\/\/sleepmed.ch\/wp-content\/uploads\/2025\/03\/Sleepmed-Diagnosekarte.pdf\" data-type=\"attachment\" data-id=\"356\" target=\"_blank\" rel=\"noreferrer noopener\">Download<\/a>. Kostenlos erhalten Sie sie auf langlebigem Karton \u2013 stets griffbereit auf Ihrem Pult! \u2013 nach einer <a href=\"mailto:info@sleepmed.ch\" data-type=\"mailto\" data-id=\"mailto:info@sleepmed.ch\" target=\"_blank\" rel=\"noreferrer noopener\">E-Mail<\/a> an uns. <\/p>\n\n\n\n<p>Unser Brosch\u00fcre \u00abSchlafst\u00f6rungen: Ursache, Symptome und Behandlung\u00bb erhalten Sie <a href=\"https:\/\/sleepmed.ch\/wp-content\/uploads\/2025\/10\/ZSM-Schlafstoerungen.pdf\" data-type=\"attachment\" data-id=\"450\" target=\"_blank\" rel=\"noreferrer noopener\">hier als Download<\/a> oder nach einer <a href=\"mailto:info@sleepmed.ch\" data-type=\"mailto\" data-id=\"mailto:info@sleepmed.ch\">E-Mail<\/a> an uns kostenlos auf langlebigem Papier im Format 21 x 21 cm.<\/p>\n\n\n\n<figure class=\"wp-block-image size-full\"><a href=\"https:\/\/sleepmed.ch\/wp-content\/uploads\/2025\/10\/ZSM-Schlafstoerungen.pdf\" target=\"_blank\" rel=\" noreferrer noopener\"><img loading=\"lazy\" decoding=\"async\" width=\"300\" height=\"299\" src=\"https:\/\/sleepmed.ch\/wp-content\/uploads\/2025\/10\/Schlafstoerungen.png\" alt=\"\" class=\"wp-image-449\" srcset=\"https:\/\/sleepmed.ch\/wp-content\/uploads\/2025\/10\/Schlafstoerungen.png 300w, https:\/\/sleepmed.ch\/wp-content\/uploads\/2025\/10\/Schlafstoerungen-150x150.png 150w\" sizes=\"auto, (max-width: 300px) 100vw, 300px\" \/><\/a><\/figure>\n","protected":false},"excerpt":{"rendered":"<p>Zuweisende \u00c4rzte erhalten hier das Anmeldeformular (PDF) f\u00fcr ihre Patienten. Sie k\u00f6nnen das Formular am Bildschirm ausf\u00fcllen, f\u00fcr Ihre Akten speichern und und per E-Mail, Briefpost oder Fax senden. Private, die nicht von einem Arzt \u00fcberwiesen werden, bitten wir, sich telefonisch an uns zu wenden: 043 499 52 11. Unsere praktische Diagnosehilfe f\u00fcr \u00c4rzte \u00abRisiko-Score [&hellip;]<\/p>\n","protected":false},"author":1,"featured_media":0,"parent":0,"menu_order":0,"comment_status":"closed","ping_status":"closed","template":"","meta":{"footnotes":""},"class_list":["post-18","page","type-page","status-publish","hentry"],"_links":{"self":[{"href":"https:\/\/sleepmed.ch\/index.php\/wp-json\/wp\/v2\/pages\/18","targetHints":{"allow":["GET"]}}],"collection":[{"href":"https:\/\/sleepmed.ch\/index.php\/wp-json\/wp\/v2\/pages"}],"about":[{"href":"https:\/\/sleepmed.ch\/index.php\/wp-json\/wp\/v2\/types\/page"}],"author":[{"embeddable":true,"href":"https:\/\/sleepmed.ch\/index.php\/wp-json\/wp\/v2\/users\/1"}],"replies":[{"embeddable":true,"href":"https:\/\/sleepmed.ch\/index.php\/wp-json\/wp\/v2\/comments?post=18"}],"version-history":[{"count":13,"href":"https:\/\/sleepmed.ch\/index.php\/wp-json\/wp\/v2\/pages\/18\/revisions"}],"predecessor-version":[{"id":452,"href":"https:\/\/sleepmed.ch\/index.php\/wp-json\/wp\/v2\/pages\/18\/revisions\/452"}],"wp:attachment":[{"href":"https:\/\/sleepmed.ch\/index.php\/wp-json\/wp\/v2\/media?parent=18"}],"curies":[{"name":"wp","href":"https:\/\/api.w.org\/{rel}","templated":true}]}}