{"id":24,"date":"2024-01-31T16:28:50","date_gmt":"2024-01-31T15:28:50","guid":{"rendered":"https:\/\/sleepmed.ch\/?page_id=24"},"modified":"2024-07-19T17:37:48","modified_gmt":"2024-07-19T15:37:48","slug":"anmeldung","status":"publish","type":"page","link":"https:\/\/sleepmed.ch\/index.php\/anmeldung\/","title":{"rendered":"Anmeldung f\u00fcr Zuweiser und Private"},"content":{"rendered":"\n<p><mark style=\"background-color:rgba(0, 0, 0, 0)\" class=\"has-inline-color has-vivid-cyan-blue-color\"><strong>\u00c4rzte:<\/strong><\/mark> Haus\u00e4rzte, Fach\u00e4rzte und medizinische Institutionen k\u00f6nnen Patienten schriftlich und per Fax mit \u00dcberweisungsschreiben, mit unserem <a href=\"https:\/\/sleepmed.ch\/wp-content\/uploads\/2024\/07\/Anmeldeformular-Schlafmedizin.pdf\" data-type=\"attachment\" data-id=\"298\" target=\"_blank\" rel=\"noreferrer noopener\">Anmeldeformular<\/a> oder telefonisch f\u00fcr eine somnologische Abkl\u00e4rung oder Behandlung anmelden. \u00c4rzten stehen wir f\u00fcr ein Gespr\u00e4ch vor der \u00dcberweisung gerne zur Verf\u00fcgung: 043 499 51 11.<\/p>\n\n\n\n<p><mark style=\"background-color:rgba(0, 0, 0, 0)\" class=\"has-inline-color has-vivid-cyan-blue-color\"><strong>Private:<\/strong><\/mark><strong> <\/strong>Wir stehen Patienten grunds\u00e4tzlich auch ohne (haus)\u00e4rztliche \u00dcberweisung offen. Beachten Sie dabei die Bestimmungen Ihrer Krankenkasse. St\u00f6rungen des Schlafes und damit zusammenh\u00e4ngende Tagesbeschwerden werden von den Krankenkassen als Gesundheitsst\u00f6rungen anerkannt. Alle unsere Dienstleistungen (Diagnostik, Therapie und Beratung) werden ambulant erbracht, stehen Patienten aller Versicherungsklassen offen und werden von allen Krankenkassen gem\u00e4ss Krankenversicherungsgesetz (KVG) bezahlt.<\/p>\n","protected":false},"excerpt":{"rendered":"<p>\u00c4rzte: Haus\u00e4rzte, Fach\u00e4rzte und medizinische Institutionen k\u00f6nnen Patienten schriftlich und per Fax mit \u00dcberweisungsschreiben, mit unserem Anmeldeformular oder telefonisch f\u00fcr eine somnologische Abkl\u00e4rung oder Behandlung anmelden. \u00c4rzten stehen wir f\u00fcr ein Gespr\u00e4ch vor der \u00dcberweisung gerne zur Verf\u00fcgung: 043 499 51 11. Private: Wir stehen Patienten grunds\u00e4tzlich auch ohne (haus)\u00e4rztliche \u00dcberweisung offen. Beachten Sie dabei [&hellip;]<\/p>\n","protected":false},"author":1,"featured_media":0,"parent":0,"menu_order":0,"comment_status":"closed","ping_status":"closed","template":"","meta":{"footnotes":""},"class_list":["post-24","page","type-page","status-publish","hentry"],"_links":{"self":[{"href":"https:\/\/sleepmed.ch\/index.php\/wp-json\/wp\/v2\/pages\/24","targetHints":{"allow":["GET"]}}],"collection":[{"href":"https:\/\/sleepmed.ch\/index.php\/wp-json\/wp\/v2\/pages"}],"about":[{"href":"https:\/\/sleepmed.ch\/index.php\/wp-json\/wp\/v2\/types\/page"}],"author":[{"embeddable":true,"href":"https:\/\/sleepmed.ch\/index.php\/wp-json\/wp\/v2\/users\/1"}],"replies":[{"embeddable":true,"href":"https:\/\/sleepmed.ch\/index.php\/wp-json\/wp\/v2\/comments?post=24"}],"version-history":[{"count":11,"href":"https:\/\/sleepmed.ch\/index.php\/wp-json\/wp\/v2\/pages\/24\/revisions"}],"predecessor-version":[{"id":302,"href":"https:\/\/sleepmed.ch\/index.php\/wp-json\/wp\/v2\/pages\/24\/revisions\/302"}],"wp:attachment":[{"href":"https:\/\/sleepmed.ch\/index.php\/wp-json\/wp\/v2\/media?parent=24"}],"curies":[{"name":"wp","href":"https:\/\/api.w.org\/{rel}","templated":true}]}}